 + 39. Give q(-16).
-1225
Let d(j) = -j**2 + 25*j - 637. Give d(0).
-637
Let t(n) = 161*n**2 + 1301*n + 44. Calculate t(-12).
7616
Let q(v) = -53237*v - 159722. Calculate q(-3).
-11
Let r(j) = 673*j + 9049. Determine r(-13).
300
Let a(g) = 8363*g + 844654. Give a(-101).
-9
Let n(w) = 4*w**3 + 147*w**2 - 737*w - 25915. What is n(-37)?
-15
Let o(t) = 457863*t - 5494349. What is o(12)?
7
Let r(f) = 315*f - 5824. Calculate r(17).
-469
Let i(b) = 6054*b - 9650077. Give i(1594).
-1
Let h(q) = -q**3 - 35*q**2 + 247*q + 48. What is h(-41)?
7
Let a(h) = -9*h**2 - 139*h - 616. Give a(-7).
-84
Let i(m) = -8*m**3 - 94*m**2 - 26*m - 704. What is i(-12)?
-104
Let k(t) = -367*t - 12380. Give k(-33).
-269
Let y(m) = 131*m + 5104. What is y(-32)?
912
Let g(o) = -424596*o - 2122980. Give g(-5).
0
Let f(z) = z**3 - 70*z**2 - 3123*z - 310. Give f(101).
498
Let o(h) = -12033*h - 96205. Determine o(-8).
59
Let i(o) = o**3 - 116*o**2 + 108*o + 1022. Give i(115).
217
Let j(u) = 23*u**2 - 284184*u + 1136369. What is j(4)?
1
Let x(g) = g**2 + 2427*g - 73735. Calculate x(30).
-25
Let x(f) = 196*f - 23166. Calculate x(119).
158
Let a(l) = l**3 - 37*l**2 + 276*l - 584. Determine a(4).
-8
Let c(t) = 26*t**2 - 29*t + 14. Give c(-2).
176
Let q(r) = 22*r**3 + 95*r**2 + 39*r + 59. Give q(-4).
15
Let p(k) = 10*k**3 + 32*k**2 + 96*k - 191. Calculate p(-5).
-1121
Let a(s) = 386*s - 114782. Determine a(296).
-526
Let l(k) = -2*k**3 - 402*k**2 - 6*k - 1150. Determine l(-201).
56
Let o(p) = p**3 - 71*p**2 + 790*p - 7380. Give o(60).
420
Let g(j) = 2850*j - 376184. Calculate g(132).
16
Let t(d) = -6*d**2 - 540*d - 1118. Give t(-87).
448
Let m(y) = 44*y**2 - 4091*y - 240. Give m(93).
-147
Let i(z) = 560*z + 34454. What is i(-61)?
294
Let h(v) = v**3 + 61*v**2 - 140*v - 4862. Determine h(-62).
-26
Let v(i) = 3*i**3 - 8*i**2 + 1472*i - 4403. Give v(3).
22
Let t(b) = -134*b**2 - 43*b - 31. Give t(-3).
-1108
Let h(n) = -574*n - 125564. Calculate h(-219).
142
Let l(v) = v**3 + 14*v**2 + 180*v + 3223. What is l(-17)?
-704
Let z(h) = -7*h**2 + 5236*h - 26024. Give z(5).
-19
Let i(v) = -6*v**3 + 2937*v**2 - 15973*v + 476. Calculate i(484).
-8
Let a(d) = -6435*d + 733391. What is a(114)?
-199
Let j(z) = 5683*z + 5648. Give j(-1).
-35
Let h(a) = 1794*a - 3640. Calculate h(2).
-52
Let i(r) = -789*r - 412643. Determine i(-523).
4
Let v(b) = 975092*b - 5850563. What is v(6)?
-11
Let w(b) = -10241*b + 62198. What is w(6)?
752
Let f(t) = -t**2 + 2783437*t - 5566871. Give f(2).
-1
Let c(s) = -261052*s + 5. Give c(0).
5
Let d(o) = o**3 + 63*o**2 + 337*o - 9. Give d(-58).
-2735
Let v(p) = -1318*p + 28. Determine v(0).
28
Let k(q) = q**3 + 2*q**2 - 176*q + 713. Determine k(5).
8
Let d(w) = -9*w**2 - 142*w - 449. Calculate d(-3).
-104
Let b(l) = -8327*l + 391425. Calculate b(47).
56
Let j(f) = 10*f**3 - 50*f**2 - 97*f - 50. Determine j(-1).
-13
Let n(f) = -f**3 + f**2 - 3682*f - 7362. What is n(-2)?
14
Let y(n) = -20387*n + 367027. Give y(18).
61
Let l(x) = 209*x**2 - 5837*x - 427. What is l(28)?
-7
Let o(b) = -25*b**3 + 1266*b**2 + 1763*b + 129. Give o(52).
-131
Let f(u) = 698*u**2 - 85849*u - 615. Calculate f(123).
0
Let g(t) = 9*t**2 + 112*t - 16. Determine g(-9).
-295
Let c(t) = 173*t**2 + 13504*t + 812. Give c(-78).
32
Let x(l) = 1452943*l - 5811783. Give x(4).
-11
Let v(w) = -123*w + 3236. Determine v(33).
-823
Let s(y) = 4*y**3 + 108*y**2 + 146*y - 105. What is s(-25)?
1245
Let s(g) = 9*g**2 - 1196*g - 1324. Determine s(129).
-5839
Let d(s) = -99461*s + 7459561. What is d(75)?
-14
Let f(d) = -d**3 + 56*d**2 - 399*d + 8851. Calculate f(52).
-1081
Let p(w) = -13538*w - 25713. Determine p(-2).
1363
Let p(m) = 99*m**2 + 6909*m - 1757. Calculate p(-70).
-287
Let b(u) = -305*u + 91. Determine b(2).
-519
Let z(k) = 9*k**2 - 9092*k - 18189. What is z(-2)?
31
Let h(u) = 4*u**2 + 9746*u + 183723. Calculate h(-19).
-7
Let n(x) = 549*x**2 - 2741*x - 22. Give n(5).
-2
Let i(b) = -b**3 + 5*b**2 + 105*b + 650. Give i(15).
-25
Let m(j) = 3*j**3 + 23*j**2 - 5*j + 113. What is m(-12)?
-1699
Let y(p) = 5683*p - 358451. Give y(63).
-422
Let w(t) = 2*t**3 - 71*t**2 - 8944*t + 314264. Calculate w(35).
-1
Let d(s) = -111*s**2 + 3439*s - 24389. Calculate d(20).
-9
Let s(x) = -x**3 - 28*x**2 - 79*x - 3689. Give s(-30).
481
Let o(l) = 240*l**3 - 64*l**2 + 146*l - 83. Calculate o(1).
239
Let p(y) = y**3 - 549*y**2 + 3727*y + 36372. Give p(542).
58
Let c(q) = 1703*q + 22024. Give c(-13).
-115
Let p(m) = -24*m**2 + 5411*m - 13153. Give p(223).
4
Let g(j) = -76*j**2 + 1358*j + 3291. Determine g(20).
51
Let o(x) = -35*x**2 - 5173*x + 1015. What is o(-148)?
-21
Let q(p) = -241914*p - 1451488. Determine q(-6).
-4
Let y(o) = 279*o - 7785. What is y(27)?
-252
Let i(a) = 8*a**3 + 129*a**2 - 262*a + 150. Determine i(-18).
6
Let o(r) = -2069*r + 39025. What is o(19)?
-286
Let j(z) = -1805*z + 88591. Give j(49).
146
Let k(g) = -94*g + 3401. What is k(36)?
17
Let t(a) = -6413*a - 160687. Give t(-25).
-362
Let o(v) = 11*v**3 - 33*v**2 + 14*v + 9. Give o(2).
-7
Let z(y) = -11656*y**3 - 81591*y**2 + 12*y + 23. What is z(-7)?
-12
Let j(b) = 391*b + 118916. Calculate j(-304).
52
Let z(i) = 218*i**2 + 20490*i - 232. Give z(-94).
-44
Let d(v) = 22*v**2 + 10270*v - 53794. Calculate d(-472).
14
Let r(o) = -o**2 + 781*o + 15194. Determine r(-19).
-6
Let k(w) = 20224*w + 242689. Calculate k(-12).
1
Let n(s) = -2*s**2 - 217*s - 1093. Determine n(-100).
607
Let h(v) = -v**2 - 89497*v - 6885348. Calculate h(-77).
-8
Let d(g) = -153*g**3 - 23*g**2 + 50*g - 29. Calculate d(1).
-155
Let a(i) = 5515303*i + 33091825. Determine a(-6).
7
Let v(k) = -2*k**2 - 395*k - 13636. Calculate v(-149).
817
Let u(n) = -2*n**2 + 346*n - 4797. Calculate u(14).
-345
Let t(a) = 103*a**2 - 11*a - 12. Give t(-1).
102
Let q(v) = -v**3 - 12*v**2 + 162*v - 375. Give q(5).
10
Let d(x) = -x**3 + 59*x**2 + 355*x - 3451. Give d(64).
-1211
Let q(i) = i**3 - 8*i**2 - 9*i + 104. Determine q(-6).
-346
Let m(f) = f**2 + 529*f - 4271. Give m(8).
25
Let y(h) = 75*h**2 + 1648*h + 1522. Determine y(-21).
-11
Let m(l) = -l**2 + 6*l + 1668. Determine m(44).
-4
Let q(k) = 100*k**2 - 380*k - 180. What is q(8)?
3180
Let r(d) = -2*d**3 + 30*d**2 + 501*d - 20. Calculate r(-10).
-30
Let m(w) = -w**3 + 16*w**2 + 128*w - 42. What is m(19)?
1307
Let p(n) = 101*n + 3004. Calculate p(-33).
-329
Let p(c) = 12*c**2 + 271*c - 2124. What is p(8)?
812
Let p(w) = -127*w - 19429. Give p(-155).
256
Let p(b) = b**2 + 6726*b + 327169. What is p(-49)?
-4
Let d(f) = -78*f**2 + 621*f + 252. Give d(-6).
-6282
Let f(p) = -3308*p + 59990. Calculate f(18).
446
Let r(f) = -2310353*f + 6931056. Give r(3).
-3
Let x(h) = -144116*h**2 - 432348*h - 9. Calculate x(-3).
-9
Let f(r) = 2*r**2 + 204*r - 16128. Determine f(56).
1568
Let s(b) = 12381*b - 111505. What is s(9)?
-76
Let i(b) = b**3 + 428*b**2 + 846*b - 2547. What is i(-426)?
9
Let n(x) = 2*x**2 - 442*x + 845. Determine n(219).
-31
Let u(w) = 29115*w + 174570. Give u(-6).
-120
Let i(b) = 375622*b - 3004977. Calculate i(8).
-1
Let p(h) = -1752*h - 44. What is p(0)?
-44
Let x(l) = -2*l**3 - 444*l**2 + 1340*l - 1. Determine x(3).
-31
Let x(v) = -813961*v - 3255837. Determine x(-4).
7
Let y(v) = -2*v**3 + 13*v**2 - 11*v + 6. Calculate y(5).
26
Let y(i) = -i**2 - 625*i - 10279. Determine y(-17).
57
Let z(t) = -t**3 + 82*t**2 - 225*t - 1063. What is z(79)?
-115
Let n(u) = -4*u**2 - 189*u + 1264. What is n(29)?
-7581
Let l(x) = -x**3 - 4*x**2 - 186*x - 955. Give l(-5).
0
Let f(b) = b**3 - 9*b**2 + 42*b + 231. Give f(-7).
-847
Let c(k) = 128*k**2 + 1304*k - 266. Calculate c(-10).
-506
Let c(f) = -f**3 + 127*f**2 - 4008*f - 577. Give c(66).
611
Let r(m) = -2*m**2 + 820*m + 38992. Give r(-43).
34
Let v(n) = n**3 - 24*n**2 - 2*n - 15. Calculate v(7).
-862
Let c(r) = 15874*r - 682900. Determine c(43).
-318
Let x(d) = -d**3 + 405*d**2 + 499*d - 37767. Give x(406).
-9
Let g(m) = -6*m**3 - 208*m**2 - 335*m - 194. Determine g(-33).
-29
Let x(f) = 1443*f + 219331. Give x(-152).
-5
Let c(q) = 2*q**2 - 1109*q - 13182. Calculate c(-12).
414
Let h(t) = -t**3 - 56*t**2 - 631*t + 673. Give h(-39).
-575
Let j(v) = 17*v**2 + 9542*v + 40646. What is j(-557)?
-15
Let g(m) = 3*m**2 - 407*m - 29259. Determine g(-52).
17
Let u(o) = -2835*o - 36902. Determine u(-13).
-47
Let y(h) = -162670*h + 1